6?
212
Calculate the greatest common divisor of 31980 and 3180.
60
Calculate the greatest common factor of 726 and 3017014.
242
What is the greatest common factor of 888 and 543086?
74
What is the greatest common factor of 165 and 45683?
11
What is the greatest common divisor of 119 and 11508?
7
What is the greatest common factor of 99629 and 1675?
67
Calculate the highest common divisor of 7 and 62461.
7
Calculate the greatest common divisor of 307063 and 37.
37
Calculate the highest common divisor of 408 and 510.
102
What is the greatest common factor of 24348 and 372?
12
What is the highest common divisor of 63 and 134631?
63
Calculate the highest common divisor of 891 and 1427085.
297
Calculate the highest common divisor of 1089 and 71082.
99
Calculate the greatest common divisor of 92 and 190532.
92
Calculate the highest common divisor of 288 and 65547.
9
What is the greatest common factor of 4692 and 4278?
138
Calculate the highest common factor of 35 and 1169.
7
What is the greatest common factor of 596 and 33823?
149
What is the highest common factor of 102247 and 3127?
59
Calculate the greatest common divisor of 213 and 65391.
213
Calculate the greatest common factor of 484466 and 34.
34
What is the greatest common factor of 1006 and 16599?
503
What is the greatest common divisor of 1180 and 202370?
590
What is the greatest common factor of 354 and 139653?
177
What is the highest common divisor of 31688 and 32?
8
What is the highest common divisor of 46290 and 40?
10
Calculate the highest common divisor of 20 and 12110.
10
Calculate the greatest common factor of 27 and 1569969.
27
Calculate the greatest common divisor of 160 and 17460.
20
What is the greatest common divisor of 1940112 and 120?
24
Calculate the highest common divisor of 7420 and 3640.
140
Calculate the highest common factor of 4905 and 6015.
15
Calculate the greatest common factor of 360 and 15225.
15
Calculate the highest common factor of 584 and 51976.
584
Calculate the greatest common factor of 800 and 7550.
50
Calculate the greatest common divisor of 3276 and 21541.
13
Calculate the highest common factor of 1998 and 594.
54
What is the greatest common factor of 627 and 358578?
33
What is the greatest common factor of 3708 and 11639?
103
What is the highest common divisor of 144 and 169704?
72
What is the greatest common factor of 401070 and 60?
30
What is the highest common divisor of 43 and 487663?
43
What is the greatest common divisor of 1711 and 1769?
29
Calculate the highest common factor of 214184 and 2952.
328
What is the greatest common divisor of 292 and 70153?
73
What is the highest common divisor of 160919 and 11?
11
What is the greatest common divisor of 5100 and 45492?
204
What is the highest common factor of 48 and 177048?
24
What is the greatest common divisor of 16 and 26507?
1
Calculate the greatest common divisor of 30172 and 76.
76
Calculate the highest common factor of 672 and 710808.
168
What is the highest common factor of 1555 and 35143?
311
What is the greatest common divisor of 728 and 55874?
182
Calculate the greatest common factor of 540 and 209880.
180
Calculate the highest common factor of 75563 and 369.
41
Calculate the greatest common divisor of 408 and 33966.
102
What is the highest common divisor of 41739 and 6?
3
What is the greatest common factor of 73840 and 200?
40
Calculate the highest common factor of 8 and 319912.
8
What is the greatest common divisor of 12 and 315688?
4
Calculate the highest common divisor of 690 and 172155.
345
Calculate the greatest common factor of 3645 and 3495.
15
Calculate the greatest common divisor of 243 and 1539.
81
Calculate the greatest common factor of 1219 and 10189.
23
Calculate the highest common factor of 39 and 10452.
39
Calculate the highest common divisor of 206736 and 7592.
584
Calculate the highest common divisor of 588212 and 958.
958
Calculate the highest common factor of 940 and 1630.
10
Calculate the highest common factor of 44068 and 184.
92
Calculate the highest common factor of 553 and 2630068.
553
Calculate the greatest common divisor of 474 and 17898.
6
What is the greatest common divisor of 20 and 12030?
10
What is the greatest common factor of 16 and 46456?
8
Calculate the greatest common divisor of 1012900 and 2800.
700
Calculate the highest common divisor of 1756 and 88239.
439
What is the highest common divisor of 51988 and 41?
41
What is the greatest common factor of 26 and 651599?
13
Calculate the highest common factor of 40 and 586330.
10
What is the greatest common divisor of 632926 and 9646?
742
Calculate the greatest common divisor of 284 and 273137.
71
Calculate the greatest common factor of 727272 and 312.
312
What is the highest common factor of 12784 and 385964?
188
Calculate the highest common factor of 211935 and 4975.
995
Calculate the greatest common divisor of 8815 and 3895.
205
What is the highest common divisor of 26812 and 36?
4
What is the highest common divisor of 474 and 130666?
158
Calculate the highest common factor of 12744 and 288.
72
What is the highest common factor of 372 and 12772?
124
Calculate the highest common divisor of 2040 and 1380.
60
Calculate the greatest common factor of 13 and 39143.
13
What is the greatest common divisor of 2624 and 125747?
41
Calculate the greatest common factor of 5662 and 152.
38
Calculate the greatest common divisor of 54 and 1103274.
54
What is the highest common factor of 5306 and 6202?
14
Calculate the greatest common factor of 62 and 4061.
31
Calculate the greatest common divisor of 81315 and 39780.
585
What is the highest common factor of 4239 and 71121?
471
What is the highest common divisor of 76 and 21394?
38
What is the highest common factor of 53428 and 7104?
148
Calculate the highest common factor of 323550 and 1215.
45
What is the highest common factor of 324 and 60669?
81
What is the greatest common factor of 660 and 14465?
55
What is the highest common factor of 68121 and 5887?
841
Calculate the highest common factor of 12595 and 385.
55
Calculate the greatest common factor of 187290 and 630.
90
What is the greatest common divisor of 308 and 1484?
28
Calculate the greatest common factor of 402081 and 3333.
303
What is the highest common divisor of 74023 and 79?
79
Calculate the greatest common divisor of 610 and 1339194.
122
What is the highest common factor of 960 and 390?
30
What is the highest common divisor of 162434 and 1928?
482
What is the greatest common divisor of 469542 and 7923?
417
What is the greatest common divisor of 7178 and 37888?
74
Calculate the greatest common factor of 8 and 2141440.
8
What is the highest common factor of 99 and 17190?
9
Calculate the greatest common factor of 2431 and 894829.
221
Calculate the greatest common divisor of 27676 and 666.
74
Calculate the highest common factor of 1220 and 70.
10
Calculate the highest common factor of 300 and 852.
12
What is the highest common factor of 197 and 111699?
197
Calculate the highest common divisor of 55896 and 4828.
68
What is the greatest common factor of 194 and 3676300?
194
Calculate the highest common factor of 336 and 3144.
24
Calculate the greatest common factor of 52 and 26819.
13
Calculate the highest common factor of 14459 and 28157.
761
Calculate the highest common divisor of 30 and 14407.
1
What is the greatest common factor of 713133 and 36?
9
What is the greatest common divisor of 155 and 7567720?
155
Calculate the greatest common divisor of 25 and 1162820.
5
What is the highest common factor of 13290 and 870?
30
Calculate the greatest common divisor of 3585 and 195.
15
What is the greatest common divisor of 98853 and 3154?
83
Calculate the greatest common divisor of 2492 and 4.
4
Calculate the greatest common divisor of 26908 and 56.
28
What is the greatest common divisor of 160 and 7430?
10
What is the highest common divisor of 99 and 33176?
11
What is the greatest common factor of 152 and 1376?
8
What is the highest common factor of 826 and 854?
14
Calculate the greatest common factor of 106126 and 470.
94
Calculate the greatest common divisor of 832 and 42328.
104
What is the greatest common factor of 12546 and 31652?
82
Calculate the greatest common divisor of 6 and 6656.
2
Calculate the greatest